917
List the prime factors of 2438768.
2, 152423
What are the prime factors of 24712?
2, 3089
List the prime factors of 676024.
2, 84503
List the prime factors of 435495.
3, 5, 29033
List the prime factors of 82236.
2, 3, 7, 11, 89
What are the prime factors of 971457?
3, 323819
List the prime factors of 1029827.
1029827
List the prime factors of 9782.
2, 67, 73
What are the prime factors of 222139?
17, 73, 179
List the prime factors of 2291803.
2291803
What are the prime factors of 9655946?
2, 4827973
List the prime factors of 4561428.
2, 3, 89, 4271
List the prime factors of 229294.
2, 13, 8819
What are the prime factors of 2396475?
3, 5, 10651
List the prime factors of 15236147.
43, 354329
What are the prime factors of 417432?
2, 3, 17393
What are the prime factors of 3198095?
5, 37, 59, 293
What are the prime factors of 6392092?
2, 7, 167, 1367
List the prime factors of 271733.
7, 11, 3529
List the prime factors of 8384637.
3, 2794879
List the prime factors of 8456387.
19, 23, 37, 523
List the prime factors of 3404369.
17, 200257
What are the prime factors of 448456?
2, 29, 1933
What are the prime factors of 5250351?
3, 59, 29663
What are the prime factors of 277563?
3, 11, 13, 647
List the prime factors of 820635.
3, 5, 54709
List the prime factors of 1089998.
2, 7, 13, 53, 113
What are the prime factors of 9275951?
9275951
List the prime factors of 2222368.
2, 37, 1877
List the prime factors of 45725.
5, 31, 59
List the prime factors of 166544.
2, 7, 1487
What are the prime factors of 4450583?
17, 261799
List the prime factors of 8410359.
3, 17, 37, 4457
List the prime factors of 32841687.
3, 10947229
List the prime factors of 1429208.
2, 11, 109, 149
What are the prime factors of 358477?
7, 83, 617
What are the prime factors of 135400?
2, 5, 677
What are the prime factors of 153489?
3, 7, 7309
List the prime factors of 415606.
2, 19, 10937
What are the prime factors of 3501749?
3501749
List the prime factors of 20200124.
2, 7, 29, 24877
What are the prime factors of 13629800?
2, 5, 23, 2963
List the prime factors of 12071288.
2, 1508911
List the prime factors of 560360.
2, 5, 14009
List the prime factors of 25493091.
3, 13, 127, 5147
What are the prime factors of 8799813?
3, 11, 29629
What are the prime factors of 10045371?
3, 7, 478351
What are the prime factors of 3252689?
11, 295699
List the prime factors of 62345.
5, 37, 337
What are the prime factors of 7179198?
2, 3, 13, 92041
What are the prime factors of 571809?
3, 7, 73, 373
What are the prime factors of 43?
43
List the prime factors of 440596.
2, 13, 37, 229
List the prime factors of 5651820.
2, 3, 5, 17, 1847
List the prime factors of 71890.
2, 5, 7, 13, 79
What are the prime factors of 1123688?
2, 23, 31, 197
What are the prime factors of 37771763?
37771763
List the prime factors of 464900.
2, 5, 4649
List the prime factors of 222365.
5, 11, 13, 311
List the prime factors of 202716.
2, 3, 1877
What are the prime factors of 298282?
2, 17, 31, 283
What are the prime factors of 229769?
229769
List the prime factors of 335354.
2, 167677
List the prime factors of 1518073.
37, 89, 461
List the prime factors of 233205.
3, 5, 7, 2221
List the prime factors of 1545550.
2, 5, 30911
What are the prime factors of 5582807?
5582807
List the prime factors of 2290630.
2, 5, 157, 1459
List the prime factors of 712032.
2, 3, 7417
What are the prime factors of 393967?
7, 23, 2447
List the prime factors of 1902406.
2, 11, 43, 2011
What are the prime factors of 657823?
23, 37, 773
List the prime factors of 1210364.
2, 31, 43, 227
List the prime factors of 28142671.
1423, 19777
List the prime factors of 140135.
5, 28027
What are the prime factors of 2745766?
2, 19, 3803
List the prime factors of 286482.
2, 3, 7, 19, 359
What are the prime factors of 313047?
3, 7, 4969
What are the prime factors of 22795348?
2, 5698837
What are the prime factors of 196672?
2, 7, 439
List the prime factors of 1294034.
2, 7, 92431
What are the prime factors of 743346?
2, 3, 61, 677
What are the prime factors of 301987?
7, 6163
What are the prime factors of 365528?
2, 45691
List the prime factors of 2445957.
3, 30197
What are the prime factors of 1562719?
1562719
List the prime factors of 1502962.
2, 751481
List the prime factors of 5041785.
3, 5, 7, 48017
What are the prime factors of 145524?
2, 3, 67, 181
What are the prime factors of 184290?
2, 3, 5, 6143
What are the prime factors of 147603?
3, 49201
What are the prime factors of 5046115?
5, 19, 53117
List the prime factors of 5263160.
2, 5, 7, 18797
What are the prime factors of 5645568?
2, 3, 7351
List the prime factors of 132594.
2, 3, 7, 11, 41
List the prime factors of 10534.
2, 23, 229
What are the prime factors of 6768316?
2, 61, 27739
List the prime factors of 15964950.
2, 3, 5, 106433
What are the prime factors of 4270550?
2, 5, 85411
List the prime factors of 1334951.
73, 18287
What are the prime factors of 8221353?
3, 7, 17, 23029
What are the prime factors of 14862325?
5, 113, 5261
List the prime factors of 221391.
3, 17, 1447
What are the prime factors of 5452639?
19, 286981
What are the prime factors of 4319851?
1021, 4231
List the prime factors of 5875317.
3, 7, 179, 521
List the prime factors of 1534179.
3, 41, 12473
List the prime factors of 1842838.
2, 643, 1433
List the prime factors of 576326.
2, 127, 2269
List the prime factors of 659568.
2, 3, 7, 13, 151
What are the prime factors of 174610?
2, 5, 19, 919
What are the prime factors of 548892?
2, 3, 79, 193
List the prime factors of 823682.
2, 411841
List the prime factors of 7167518.
2, 179, 20021
What are the prime factors of 24560?
2, 5, 307
List the prime factors of 2799397.
2799397
List the prime factors of 1460143.
1460143
List the prime factors of 13883510.
2, 5, 37, 157, 239
List the prime factors of 754059.
3, 251353
List the prime factors of 1162679.
7, 163, 1019
List the prime factors of 226285.
5, 167, 271
List the prime factors of 1149150.
2, 3, 5, 47, 163
What are the prime factors of 5800489?
5800489
List the prime factors of 4275352.
2, 547, 977
List the prime factors of 65899.
65899
What are the prime factors of 1189101?
3, 127, 3121
What are the prime factors of 1155732?
2, 3, 19, 37, 137
What are the prime factors of 15319559?
83, 379, 487
What are the prime factors of 1964250?
2, 3, 5, 97
What are the prime factors of 910048?
2, 28439
List the prime factors of 340412.
2, 85103
List the prime factors of 778350.
2, 3, 5, 5189
What are the prime factors of 20354650?
2, 5, 53, 7681
What are the prime factors of 243022?
2, 13, 719
What are the prime factors of 15973770?
2, 3, 5, 709, 751
What are the prime factors of 5123402?
2, 1129, 2269
What are the prime factors of 654606?
2, 3, 41, 887
What are the prime factors of 11567952?
2, 3, 11, 67, 109
What are the prime factors of 1985821?
17, 199, 587
What are the prime factors of 3414277?
1489, 2293
What are the prime factors of 13191251?
13191251
List the prime factors of 550179.
3, 7, 41, 71
List the prime factors of 13571692.
2, 103, 32941
What are the prime factors of 979349?
7, 139907
List the prime factors of 9492832.
2, 296651
List the prime factors of 209774.
2, 53, 1979
List the prime factors of 41397764.
2, 109, 94949
List the prime factors of 164429.
164429
What are the prime factors of 112427?
7, 16061
List the prime factors of 21415331.
7, 61, 50153
List the prime factors of 205709.
7, 29387
List the prime factors of 874279.
7, 124897
List the prime factors of 3743910.
2, 3, 5, 17, 2447
What are the prime factors of 181239?
3, 60413
What are the prime factors of 3314977?
3314977
What are the prime factors of 772241?
29, 31, 859
What are the prime factors of 869358?
2, 3, 7, 2957
List the prime factors of 226581.
3, 75527
What are the prime factors of 9202785?
3, 5, 67, 9157
What are the prime factors of 172733?
11, 41, 383
What are the prime factors of 10396559?
10396559
List the prime factors of 20674.
2, 10337
What are the prime factors of 415224?
2, 3, 73, 79
List the prime factors of 6716139.
3, 17, 19, 29, 239
List the prime factors of 20477150.
2, 5, 409543
What are the prime factors of 7077211?
7077211
List the prime factors of 4165167.
3, 719, 1931
List the prime factors of 41465081.
7, 163, 36341
What a